{"id":20,"date":"2015-10-25T14:04:53","date_gmt":"2015-10-25T13:04:53","guid":{"rendered":"http:\/\/fis-stetten.de\/wordpress\/?page_id=20"},"modified":"2023-02-28T11:37:45","modified_gmt":"2023-02-28T10:37:45","slug":"arbeitsbereiche","status":"publish","type":"page","link":"http:\/\/fis-stetten.de\/wordpress\/arbeitsbereiche\/","title":{"rendered":"Arbeitsbereiche"},"content":{"rendered":"<p style=\"text-align: left;\">Zu folgenden <strong>Arbeitsbereichen<\/strong> haben sich bereits Gruppen von Mitarbeitenden gebildet:<\/p>\n<h3><a name=\"kleiderkammer\"><\/a>Kleiderkammer<\/h3>\n<p>Die Kleiderkammmer befindet sich im ehemaligen Hotel N\u00f6dinger Hof in Stetten, Stettener Hauptstra\u00dfe Richtung Plattenhardt auf der rechten Seite.<\/p>\n<p>Die Kleiderkammer ist derzeit gut gef\u00fcllt. Was gebraucht wird, k\u00f6nnen Sie der daf\u00fcr eingerichteten Rubrik <strong>&#8222;Info zur Kleiderkammer&#8220;<\/strong> (rechte Spalte) entnehmen.<\/p>\n<p><strong>Bitte stellen Sie keine Spenden im Haus oder vor der T\u00fcre ab und spenden Sie nur gut erhaltene Sachen<\/strong>.<br \/>\nBitte nehmen Sie dazu Kontakt auf per Mail unter <a href=\"mailto:andi.susi@gmx-topmail.de\">andi.susi@gmx-topmail.de<\/a>.<\/p>\n<p>Zur Zeit nehmen wir <span style=\"text-decoration: underline;\">keine B\u00fccher<\/span> mehr an. Herzlichen Dank allen Spendern!<\/p>\n<h3>Sprache und Sprachbegleitung<\/h3>\n<p>Alle, die Lust haben mit Fl\u00fcchtlingen die Deutsche Sprache zu \u00fcben sind hier gefragt. Es wird <a href=\"http:\/\/fis-stetten.de\/wordpress\/?p=191\">Lern-Kurse<\/a> geben, aber auch individuelle Betreuung, z. B. Hilfe bei den Hausaufgaben.<\/p>\n<h3><a name=\"freizeit\"><\/a>Freizeitbesch\u00e4ftigung, Fahrr\u00e4der<\/h3>\n<p>Es werden funktionsf\u00e4hige Fahrr\u00e4der ben\u00f6tigt. Kleine Reparaturen k\u00f6nnen zusammen mit den Fl\u00fcchtlingen vorgenommen werden, so dass die R\u00e4der\u00a0 verkehrstauglich werden. Wer Lust hat bei der Instandsetzung zu helfen, kann sich gerne unter <a href=\"mailto:holger.zerelles@googlemail.com\">holger.zerelles@googlemail.com<\/a> melden.<\/p>\n<h3><a name=\"alltag\"><\/a>Alltagsbegleitung<\/h3>\n<p>Hier geht es darum den Fl\u00fcchtlingen zu helfen sich m\u00f6glichst rasch in der neuen Umgebung zurecht zu finden. Begleitung beim Einkaufen, zu Beh\u00f6rden oder einfach nur mal das Gespr\u00e4ch suchen, das k\u00f6nnen Aufgaben in der Alltagsbegleitung sein.<\/p>\n<h3>Caf\u00e9 International<\/h3>\n<p>Ein Ort der Begegnung soll dieser Treffpunkt sein, f\u00fcr B\u00fcrger und Fl\u00fcchtlinge gleicherma\u00dfen, Zusammenkommen, Austausch, Kennenlernen. Das erste &#8222;Caf\u00e9&#8220; hat in Verbindung mit dem <a href=\"http:\/\/fis-stetten.de\/wordpress\/?p=155\">Willkommensfest f\u00fcr die Fl\u00fcchtlinge<\/a> in Stetten am 20. Dezember 2015 stattgefunden.<\/p>\n<p>Wer bei k\u00fcnftigen Begegnungsm\u00f6glichkeiten im N\u00f6dinger Hof mithelfen will, kann sich in eine daf\u00fcr eingerichtete <a href=\"http:\/\/doodle.com\/poll\/qficwad77see7vn3\" target=\"_blank\" rel=\"noopener noreferrer\">Doodle-Umfrage<\/a> eintragen.<\/p>\n<h3>Gemeinn\u00fctzige T\u00e4tigkeiten<\/h3>\n<p>Die Idee ist, zumindest einigen Fl\u00fcchtlingen, in der Zeit, in der sie noch keiner geregelten Arbeit nachgehen d\u00fcrfen, eine sinnvolle T\u00e4tigkeit anzubieten. Wir suchen Vereine, \u00f6ffentliche Einrichtungen und Gruppen, die eine gemeinn\u00fctzige T\u00e4tigkeit anbieten k\u00f6nnen.<\/p>\n","protected":false},"excerpt":{"rendered":"<p>Zu folgenden Arbeitsbereichen haben sich bereits Gruppen von Mitarbeitenden gebildet: Kleiderkammer Die Kleiderkammmer befindet sich im ehemaligen Hotel N\u00f6dinger Hof in Stetten, Stettener Hauptstra\u00dfe Richtung Plattenhardt auf der rechten Seite. Die Kleiderkammer ist derzeit gut gef\u00fcllt. Was gebraucht wird, k\u00f6nnen Sie der daf\u00fcr eingerichteten Rubrik &#8222;Info zur Kleiderkammer&#8220; (rechte Spalte) entnehmen. Bitte stellen Sie keine &hellip; <a href=\"http:\/\/fis-stetten.de\/wordpress\/arbeitsbereiche\/\" class=\"more-link\"><span class=\"screen-reader-text\">Arbeitsbereiche<\/span> weiterlesen <span class=\"meta-nav\">&rarr;<\/span><\/a><\/p>\n","protected":false},"author":1,"featured_media":0,"parent":0,"menu_order":0,"comment_status":"closed","ping_status":"closed","template":"","meta":[],"_links":{"self":[{"href":"http:\/\/fis-stetten.de\/wordpress\/wp-json\/wp\/v2\/pages\/20"}],"collection":[{"href":"http:\/\/fis-stetten.de\/wordpress\/wp-json\/wp\/v2\/pages"}],"about":[{"href":"http:\/\/fis-stetten.de\/wordpress\/wp-json\/wp\/v2\/types\/page"}],"author":[{"embeddable":true,"href":"http:\/\/fis-stetten.de\/wordpress\/wp-json\/wp\/v2\/users\/1"}],"replies":[{"embeddable":true,"href":"http:\/\/fis-stetten.de\/wordpress\/wp-json\/wp\/v2\/comments?post=20"}],"version-history":[{"count":49,"href":"http:\/\/fis-stetten.de\/wordpress\/wp-json\/wp\/v2\/pages\/20\/revisions"}],"predecessor-version":[{"id":1229,"href":"http:\/\/fis-stetten.de\/wordpress\/wp-json\/wp\/v2\/pages\/20\/revisions\/1229"}],"wp:attachment":[{"href":"http:\/\/fis-stetten.de\/wordpress\/wp-json\/wp\/v2\/media?parent=20"}],"curies":[{"name":"wp","href":"https:\/\/api.w.org\/{rel}","templated":true}]}}